 Let r be y(0). Let z = r - 1. What is the highest common factor of z and 36?
18
Let j be 4/(4*2/4). Suppose 5*d = -4*t + 80, -j*t + 5*d = 3*t - 100. What is the greatest common factor of 40 and t?
20
Suppose 3*n - 4*g - 14 = 0, 3*n - g = -5*g - 2. Let v be (35/(-10))/((-1)/n). What is the greatest common factor of v and 1?
1
Suppose 0 = -8*g + 7*g + 8. Calculate the highest common divisor of g and 24.
8
Let o(p) = -3*p + 4. Let q be 2/(-1 + 2) + -27. Let k be 90/q + (-2)/5. Let u be o(k). What is the greatest common factor of 4 and u?
4
Let m = 74 - 46. Let q(b) = -11*b + 75. Let x(v) = 5*v - 38. Let i(c) = -4*q(c) - 9*x(c). Let y be i(0). Calculate the greatest common divisor of y and m.
14
Let t(i) = 18*i - 32. Let b be t(4). Calculate the highest common divisor of b and 360.
40
Let t = 118 + -96. What is the highest common factor of t and 2?
2
Let r(t) = 0*t - 4*t**2 + 2*t - 1 + 5*t**2. Let k be r(-3). What is the highest common divisor of k and 3?
1
Let y(b) = b - 1. Let v be y(3). Suppose 0 = 3*g - v*k - 76, -5*k + 85 = 2*g + 3*g. Let w = g - 1. Calculate the highest common divisor of 147 and w.
21
Let r be (10/2)/(2/8). Let w be (12/15)/((-84)/(-40) + -2). What is the highest common factor of r and w?
4
Let j be (-15)/(-2 + (0 - -1)). What is the greatest common factor of j and 15?
15
Let a = 0 - -3. Let f(p) = -p**3 + 4*p**2 - p + 1. Let d be f(a). Suppose -4*n + 2*n + 28 = 0. Calculate the greatest common factor of n and d.
7
Let s be (-34)/(-4) - 1/2. Let b be (12/8)/(3/s). Suppose 4*a + 8 = 0, 0 = -b*h - a + 18 + 28. Calculate the greatest common factor of 108 and h.
12
Let t = -11 + 7. Let r = t + 7. Suppose -2*w = -o - 4, 3*w + w + r*o - 8 = 0. Calculate the highest common factor of 3 and w.
1
Suppose -5*z + 29 = 3*b, 4*b + 5 = 4*z + 1. What is the greatest common factor of z and 44?
4
Let x be (3 - 3) + 33 + -2. Calculate the highest common divisor of 217 and x.
31
Let z(j) = 70*j**2 + j + 1. Let c be z(1). Let r be 16/(-10)*(-30)/4. What is the highest common divisor of c and r?
12
Suppose -2*b + 0*t - 3*t + 32 = 0, 0 = -b - 5*t + 16. What is the greatest common factor of b and 8?
8
Let p = 6 + 8. Let q(c) = 2*c - 3. Let s be q(-4). Let k = 24 - s. What is the highest common divisor of k and p?
7
Let c = -39 + 81. Suppose -45 + 171 = 2*z. Calculate the highest common divisor of c and z.
21
Let q be ((-2)/(-4))/(2/120). Suppose 5*a - 2 - 18 = 0. Suppose v = a*v - 30. Calculate the highest common factor of v and q.
10
Suppose -f + 7 = -y + 26, -5*y + 100 = -4*f. Suppose 2*r = -0*r + 24. Calculate the greatest common divisor of r and y.
12
Suppose 3*w + 5*i - 61 = 0, w + i - 41 = -2*w. Let q = -115 - -262. Suppose -4*u = q - 675. What is the highest common divisor of u and w?
12
Suppose -83 = -5*g + v + 2*v, -3*v = 2*g - 29. What is the greatest common factor of 8 and g?
8
Let k be (-3 + 0)*(-224)/(-6). Let c = k - -177. Calculate the greatest common divisor of c and 26.
13
Suppose -12*o + 22 + 2 = 0. Let m = 13 + 3. What is the highest common factor of m and o?
2
Let p = 5 + -1. Let r = 10 - p. Calculate the greatest common factor of 3 and r.
3
Suppose -l + 99 = 2*l. Let u = 41 + -30. Calculate the greatest common divisor of u and l.
11
Let u = -57 + 76. What is the highest common factor of 19 and u?
19
Let g be (-10)/(-65) - (10173/13)/(-3). Calculate the highest common factor of 29 and g.
29
Suppose 13 = -6*n + 7*n. What is the greatest common factor of n and 117?
13
Suppose 4*u - 2 = -5*m, 0 = 2*m - 2*u + u - 6. Suppose -m*d = -d - 4. Calculate the highest common factor of 2 and d.
2
Let h = 10 - 7. Suppose 0 = a + h*a - 56. Let f be 4/a + 5/7. What is the highest common divisor of f and 9?
1
Suppose q - j - 2 + 3 = 0, 16 = 2*q + 4*j. Suppose -41 = -5*b - q*o, -b + 0*o - 1 = 5*o. What is the greatest common divisor of 27 and b?
9
Let r(u) = 68*u - 1. Let z be r(3). What is the greatest common factor of z and 29?
29
Let z(f) = f**2 - 7*f + 8. Let w be z(10). What is the highest common divisor of 95 and w?
19
Let p be 0/(-5) + -1 + 3. Let j(d) be the first derivative of 3*d**3 + d - 4. Let w be j(-1). What is the highest common divisor of p and w?
2
Suppose 47 - 19 = -4*g. Let i be 2 + g/(7/(-64)). What is the highest common factor of 22 and i?
22
Suppose -4*b + 60 = -0*b. Suppose -6*u + 3*u = -30. Calculate the highest common divisor of u and b.
5
Suppose -x + 5*f = -3, 2*x + 2*f + 8 - 14 = 0. What is the highest common factor of x and 5?
1
Let w(z) be the second derivative of 37*z**4/4 + z**3/6 - 3*z. Let s be w(1). Calculate the greatest common factor of 14 and s.
14
Let h be (-4)/14 + (-24)/14. Let t be (-22)/(-8) + h/(-8). Suppose t*q - 3*w - 99 = 0, 0*q - w = 3*q - 111. What is the highest common factor of 9 and q?
9
Let w(d) = d**3 + 13*d**2 + 8*d - 39. Let x be w(-12). Calculate the highest common factor of x and 144.
9
Let r = -1 - -5. Let t(a) = -3*a**3 + 5*a**2 + a + 2. Let i be t(r). Let w = -74 - i. Calculate the highest common factor of w and 4.
4
Let l(o) = o. Let s be l(7). Suppose -5*j + 7 = -28. What is the greatest common divisor of s and j?
7
Let n(y) = y + 2. Let a(k) = -k + 4. Let d be a(3). Let u be n(d). Calculate the highest common divisor of 12 and u.
3
Suppose 5*k = k - 16, -4*i - 3*k + 144 = 0. What is the greatest common factor of 26 and i?
13
Suppose -z - 9 = -4*z. What is the highest common divisor of 27 and z?
3
Suppose 5*y - b - 9 = -3*b, 0 = 2*b + 6. What is the highest common factor of 21 and y?
3
Let i be (-18)/(-14) - 6/21. Let m = -16 + i. Let k = -10 - m. Calculate the greatest common divisor of 2 and k.
1
Let t = -23 - -67. Calculate the greatest common factor of t and 22.
22
Suppose z + z = 3*w + 28, 70 = 4*z + w. Calculate the highest common divisor of 187 and z.
17
Suppose v = 3*z - 2*v, 2*v - 21 = -5*z. Suppose z*r + r = 64. Calculate the greatest common factor of r and 96.
16
Let g be 243/18 - (-6)/4. Calculate the greatest common divisor of g and 60.
15
Suppose 35*d - 40*d = -10. Let q = 16 + 6. What is the greatest common divisor of q and d?
2
Suppose -944 = -5*w - 69. Calculate the greatest common factor of 25 and w.
25
Let c(t) = -48*t + 4. Let u be c(-3). Let v be u/6 - 4/(-12). What is the highest common factor of 5 and v?
5
Let p be (1 - -1)*15/6. Suppose p*x - x = 76. Suppose x = 3*q - 5. Calculate the greatest common factor of 12 and q.
4
Let c = -48 - -57. What is the greatest common divisor of 135 and c?
9
Suppose 7 = s + 1. Suppose s*r - 3*r = 231. Calculate the greatest common divisor of 11 and r.
11
Suppose h = -2*h - 60. Let w = 6 + h. Let y be 1 + (3 - 3) - w. What is the greatest common divisor of y and 45?
15
Let a = 3 - -15. Calculate the greatest common divisor of 126 and a.
18
Let q(m) = -14*m + 1. Let g be q(-1). Let p = -9 + g. Let s = p + -2. What is the highest common factor of 16 and s?
4
Let z be (18/(-5))/((-4)/10). What is the greatest common factor of 45 and z?
9
Suppose -5*s = 4*x - s + 20, 23 = -5*x - 3*s. Let v be (-7)/(-2) - x/8. Suppose -8 = -5*m - 3, 65 = v*j + m. What is the highest common factor of 176 and j?
16
Let j = 184 + -109. Calculate the greatest common factor of 25 and j.
25
Let f be 4 - (-1)/(1/3). Suppose -3 = -5*l + f. Suppose -2 = 4*u + 2, 0 = -2*a + l*u + 14. What is the highest common factor of a and 2?
2
Suppose g - 5*s = -3*g - 12, 4*g + 2*s = 16. Suppose 6*f - 28 = g*f. Let x be 35 + -1 - (2 - 3). What is the highest common divisor of x and f?
7
Let j(f) = f**2 + 6*f. Let d be j(-6). Let v be 1*(33 + (d - 2)). Suppose v = 5*y - 329. Calculate the highest common divisor of y and 8.
8
Suppose -t + 51 = -5*b + 9, 74 = 3*t - 2*b. What is the highest common divisor of 198 and t?
22
Let a(f) = f**2 + 3*f - 10. Let o be a(-6). What is the highest common factor of o and 8?
8
Let s(z) = 11*z**3 + z. Let h be s(1). Calculate the greatest common factor of h and 48.
12
Let y be (-49)/(-21) - 1/3. Let p be -6*y*2/6. Let c be (-8)/p + 1*55. What is the highest common factor of 19 and c?
19
Let g be 28 - (4 + -1 - 1). Calculate the highest common factor of g and 234.
26
Let b be (-6)/18 - (-2)/6. Suppose b = 3*x - 74 - 196. Calculate the highest common factor of 10 and x.
10
Suppose 78 = 3*k + 3*u, 4*k + 0*u - u - 89 = 0. What is the greate